{"id":368,"date":"2014-07-21T22:40:45","date_gmt":"2014-07-22T02:40:45","guid":{"rendered":"http:\/\/immortels.ca\/wordpress\/?page_id=368"},"modified":"2014-08-10T02:12:21","modified_gmt":"2014-08-10T06:12:21","slug":"les-entrevues","status":"publish","type":"page","link":"http:\/\/immortels.ca\/wordpress\/votre-biographie\/les-entrevues\/","title":{"rendered":"Les entrevues"},"content":{"rendered":"<p>Les entrevues film\u00e9e ou m\u00eame de simples enregistrements vocaux sont des <strong>\u00e9l\u00e9ments critiques de votre <\/strong><em><strong>persona<\/strong>\u00a0<\/em>.<\/p>\n<p>Pi\u00e8ce centrale des vid\u00e9os biographiques r\u00e9alis\u00e9es par <strong><span style=\"color: #ff6600;\">Immortals.ca<\/span> <\/strong>pour des personnes en vie et en relative bonne sant\u00e9, l&rsquo;entrevue par un professionnel est souvent le document principal autour duquel le montage final va s&rsquo;articuler.<\/p>\n<h5><strong>O\u00f9 et quand ?<\/strong><\/h5>\n<p>Nous r\u00e9alisons les entrevues chez le sujet de la biographie si les conditions s&rsquo;y pr\u00eatent. Nous pouvons compenser pour un \u00e9clairage d\u00e9ficient (nous avons nos projecteurs) mais pas pour un environnement bruyant. Ce dernier point est critique: il faut pouvoir disposer de 1h \u00e0 1h30 d&rsquo;un environnement sans bruits parasites et sans interruption ce qui n&rsquo;est pas toujours facile \u00e0 assurer. Si ce n&rsquo;est pas possible, nous ferons l&rsquo;entrevue dans nos studios. On peut aussi faire une partie de l&rsquo;entrevue en ext\u00e9rieur avec un micro-cravate sans fil, ce qui peut \u00eatre tr\u00e8s naturel et tr\u00e8s charmant. Toutefois, l\u00e0 aussi, il vaut mieux s&rsquo;assurer qu&rsquo;on est pas \u00e0 cot\u00e9 d&rsquo;une caserne de pompiers. Le 4e d\u00e9mo, celui avec le chien Mira de Francine Poirier, a \u00e9t\u00e9 tourn\u00e9 avec un tel micro tr\u00e8s discret et remarquablement performant consid\u00e9rant que nous \u00e9tions dans un parc public entour\u00e9 de rues passantes.<\/p>\n<p>Le tournage doit \u00eatre pr\u00e9vu \u00e0 l&rsquo;avance. Il est fait avec un cameraman et deux cameras HD. Comme il s&rsquo;agit du document principal, nos sujets ont l&rsquo;habitude de se montrer au mieux de leur apparence (coiffure, v\u00eatements, maquillage). Si une s\u00e9quence est rat\u00e9e pour toute raison, nous la reprendrons mais il faut savoir que la spontan\u00e9it\u00e9 que nous recherchons risque d&rsquo;\u00eatre absente la deuxi\u00e8me fois. Les tournages en ext\u00e9rieur sont \u00e9videmment tributaires de la m\u00e9t\u00e9o et il faut s&rsquo;attendre \u00e0 des retards possibles.<\/p>\n<h5><strong>Droit de v\u00e9to<\/strong><\/h5>\n<p>Vous avez, bien s\u00fbr, le droit de demander qu&rsquo;une ou des s\u00e9quences de l&rsquo;entrevue soient coup\u00e9es au montage. Nous ne posons pas de question. D&rsquo;autre part, nous ne conserverons pas au montage tout propos qui pourrait \u00eatre consid\u00e9r\u00e9 comme insultants ou diffamants par des tiers ou simplement contraire \u00e0 l&rsquo;\u00e9thique habituelle des biographes (voir code de d\u00e9ontologie des biographes).<\/p>\n<h5><strong>Entrevues r\u00e9alis\u00e9es par des tiers<\/strong><\/h5>\n<p>Il est possible que vous ayez d\u00e9j\u00e0 en main des enregistrements (films, vid\u00e9o, cassette) d&rsquo;entrevues faites pour d&rsquo;autres buts, que ce soit de nature familiale ou professionnelle. Nous les \u00e9valuerons et si nous pensons qu&rsquo;ils ajoutent \u00e0 l&rsquo;oeuvre finale nous en incorporerons tout ou partie. Les passages \u00e0 la t\u00e9l\u00e9vision peuvent aussi \u00eatre incorpor\u00e9s si nous pensons qu&rsquo;ils s&rsquo;inscrivent dans la trame narrative de l&rsquo;oeuvre.<\/p>\n<figure id=\"attachment_390\" aria-describedby=\"caption-attachment-390\" style=\"width: 474px\" class=\"wp-caption aligncenter\"><a href=\"http:\/\/immortels.ca\/wordpress\/wp-content\/uploads\/2014\/07\/Pause-pendant-lentrevue-de-Guy-Richard-Entre-Andr\u00e9a-Richard-et-Michel-Virard.jpg\"><img loading=\"lazy\" class=\"wp-image-390 size-large\" src=\"http:\/\/immortels.ca\/wordpress\/wp-content\/uploads\/2014\/07\/Pause-pendant-lentrevue-de-Guy-Richard-Entre-Andr\u00e9a-Richard-et-Michel-Virard-1024x576.jpg\" alt=\"Pause pendant l'entrevue de Guy Richard - Entre Andr\u00e9a Richard et Michel Virard\" width=\"474\" height=\"266\" srcset=\"http:\/\/immortels.ca\/wordpress\/wp-content\/uploads\/2014\/07\/Pause-pendant-lentrevue-de-Guy-Richard-Entre-Andr\u00e9a-Richard-et-Michel-Virard-1024x576.jpg 1024w, http:\/\/immortels.ca\/wordpress\/wp-content\/uploads\/2014\/07\/Pause-pendant-lentrevue-de-Guy-Richard-Entre-Andr\u00e9a-Richard-et-Michel-Virard-300x168.jpg 300w, http:\/\/immortels.ca\/wordpress\/wp-content\/uploads\/2014\/07\/Pause-pendant-lentrevue-de-Guy-Richard-Entre-Andr\u00e9a-Richard-et-Michel-Virard.jpg 1920w\" sizes=\"(max-width: 474px) 100vw, 474px\" \/><\/a><figcaption id=\"caption-attachment-390\" class=\"wp-caption-text\">Pause pendant l&rsquo;entrevue de Guy Richard (d\u00e9mo #3)<\/figcaption><\/figure>\n<p><a href=\"http:\/\/immortels.ca\/wordpress\/?page_id=370\">Prochain onglet: Produire une chronologie<\/a><\/p>\n<p>&nbsp;<\/p>\n","protected":false},"excerpt":{"rendered":"<p>Les entrevues film\u00e9e ou m\u00eame de simples enregistrements vocaux sont des \u00e9l\u00e9ments critiques de votre persona\u00a0. Pi\u00e8ce centrale des vid\u00e9os biographiques r\u00e9alis\u00e9es par Immortals.ca pour des personnes en vie et en relative bonne sant\u00e9, l&rsquo;entrevue par un professionnel est souvent le document principal autour duquel le montage final va s&rsquo;articuler. O\u00f9 et quand ? Nous &hellip; <a href=\"http:\/\/immortels.ca\/wordpress\/votre-biographie\/les-entrevues\/\" class=\"more-link\">Continuer la lecture de <span class=\"screen-reader-text\">Les entrevues<\/span>  <span class=\"meta-nav\">&rarr;<\/span><\/a><\/p>\n","protected":false},"author":1,"featured_media":0,"parent":361,"menu_order":303,"comment_status":"closed","ping_status":"closed","template":"","meta":{"spay_email":""},"yoast_head":"<!-- This site is optimized with the Yoast SEO plugin v15.0 - https:\/\/yoast.com\/wordpress\/plugins\/seo\/ -->\n<meta name=\"robots\" content=\"index, follow, max-snippet:-1, max-image-preview:large, max-video-preview:-1\" \/>\n<link rel=\"canonical\" href=\"http:\/\/immortels.ca\/wordpress\/votre-biographie\/les-entrevues\/\" \/>\n<meta property=\"og:locale\" content=\"fr_FR\" \/>\n<meta property=\"og:type\" content=\"article\" \/>\n<meta property=\"og:title\" content=\"Les entrevues - Immortels\" \/>\n<meta property=\"og:description\" content=\"Les entrevues film\u00e9e ou m\u00eame de simples enregistrements vocaux sont des \u00e9l\u00e9ments critiques de votre persona\u00a0. Pi\u00e8ce centrale des vid\u00e9os biographiques r\u00e9alis\u00e9es par Immortals.ca pour des personnes en vie et en relative bonne sant\u00e9, l&rsquo;entrevue par un professionnel est souvent le document principal autour duquel le montage final va s&rsquo;articuler. O\u00f9 et quand ? Nous &hellip; Continuer la lecture de Les entrevues &rarr;\" \/>\n<meta property=\"og:url\" content=\"http:\/\/immortels.ca\/wordpress\/votre-biographie\/les-entrevues\/\" \/>\n<meta property=\"og:site_name\" content=\"Immortels\" \/>\n<meta property=\"article:publisher\" content=\"https:\/\/www.facebook.com\/immortels.ca\/\" \/>\n<meta property=\"article:modified_time\" content=\"2014-08-10T06:12:21+00:00\" \/>\n<meta property=\"og:image\" content=\"http:\/\/immortels.ca\/wordpress\/wp-content\/uploads\/2014\/07\/Pause-pendant-lentrevue-de-Guy-Richard-Entre-Andr\u00e9a-Richard-et-Michel-Virard-1024x576.jpg\" \/>\n<meta name=\"twitter:card\" content=\"summary_large_image\" \/>\n<script type=\"application\/ld+json\" class=\"yoast-schema-graph\">{\"@context\":\"https:\/\/schema.org\",\"@graph\":[{\"@type\":\"Organization\",\"@id\":\"http:\/\/immortels.ca\/wordpress\/#organization\",\"name\":\"Immortels.ca\",\"url\":\"http:\/\/immortels.ca\/wordpress\/\",\"sameAs\":[\"https:\/\/www.facebook.com\/immortels.ca\/\",\"https:\/\/www.youtube.com\/channel\/UC7Z1MrpTYIwCNWYmSF9JMzA\"],\"logo\":{\"@type\":\"ImageObject\",\"@id\":\"http:\/\/immortels.ca\/wordpress\/#logo\",\"inLanguage\":\"fr-FR\",\"url\":\"http:\/\/immortels.ca\/wordpress\/wp-content\/uploads\/2014\/10\/logo-immortels.ca_.jpg\",\"width\":540,\"height\":533,\"caption\":\"Immortels.ca\"},\"image\":{\"@id\":\"http:\/\/immortels.ca\/wordpress\/#logo\"}},{\"@type\":\"WebSite\",\"@id\":\"http:\/\/immortels.ca\/wordpress\/#website\",\"url\":\"http:\/\/immortels.ca\/wordpress\/\",\"name\":\"Immortels\",\"description\":\"On a tous une histoire \\u00e0 raconter\",\"publisher\":{\"@id\":\"http:\/\/immortels.ca\/wordpress\/#organization\"},\"potentialAction\":[{\"@type\":\"SearchAction\",\"target\":\"http:\/\/immortels.ca\/wordpress\/?s={search_term_string}\",\"query-input\":\"required name=search_term_string\"}],\"inLanguage\":\"fr-FR\"},{\"@type\":\"ImageObject\",\"@id\":\"http:\/\/immortels.ca\/wordpress\/votre-biographie\/les-entrevues\/#primaryimage\",\"inLanguage\":\"fr-FR\",\"url\":\"http:\/\/immortels.ca\/wordpress\/wp-content\/uploads\/2014\/07\/Pause-pendant-lentrevue-de-Guy-Richard-Entre-Andr\\u00e9a-Richard-et-Michel-Virard.jpg\",\"width\":1920,\"height\":1080},{\"@type\":\"WebPage\",\"@id\":\"http:\/\/immortels.ca\/wordpress\/votre-biographie\/les-entrevues\/#webpage\",\"url\":\"http:\/\/immortels.ca\/wordpress\/votre-biographie\/les-entrevues\/\",\"name\":\"Les entrevues - Immortels\",\"isPartOf\":{\"@id\":\"http:\/\/immortels.ca\/wordpress\/#website\"},\"primaryImageOfPage\":{\"@id\":\"http:\/\/immortels.ca\/wordpress\/votre-biographie\/les-entrevues\/#primaryimage\"},\"datePublished\":\"2014-07-22T02:40:45+00:00\",\"dateModified\":\"2014-08-10T06:12:21+00:00\",\"inLanguage\":\"fr-FR\",\"potentialAction\":[{\"@type\":\"ReadAction\",\"target\":[\"http:\/\/immortels.ca\/wordpress\/votre-biographie\/les-entrevues\/\"]}]}]}<\/script>\n<!-- \/ Yoast SEO plugin. -->","jetpack_sharing_enabled":true,"jetpack_shortlink":"https:\/\/wp.me\/P5QWQr-5W","_links":{"self":[{"href":"http:\/\/immortels.ca\/wordpress\/wp-json\/wp\/v2\/pages\/368"}],"collection":[{"href":"http:\/\/immortels.ca\/wordpress\/wp-json\/wp\/v2\/pages"}],"about":[{"href":"http:\/\/immortels.ca\/wordpress\/wp-json\/wp\/v2\/types\/page"}],"author":[{"embeddable":true,"href":"http:\/\/immortels.ca\/wordpress\/wp-json\/wp\/v2\/users\/1"}],"replies":[{"embeddable":true,"href":"http:\/\/immortels.ca\/wordpress\/wp-json\/wp\/v2\/comments?post=368"}],"version-history":[{"count":6,"href":"http:\/\/immortels.ca\/wordpress\/wp-json\/wp\/v2\/pages\/368\/revisions"}],"predecessor-version":[{"id":389,"href":"http:\/\/immortels.ca\/wordpress\/wp-json\/wp\/v2\/pages\/368\/revisions\/389"}],"up":[{"embeddable":true,"href":"http:\/\/immortels.ca\/wordpress\/wp-json\/wp\/v2\/pages\/361"}],"wp:attachment":[{"href":"http:\/\/immortels.ca\/wordpress\/wp-json\/wp\/v2\/media?parent=368"}],"curies":[{"name":"wp","href":"https:\/\/api.w.org\/{rel}","templated":true}]}}

<p>Les entrevues filmée ou même de simples enregistrements vocaux sont des <strong>éléments critiques de votre </strong><em><strong>persona</strong> </em>.</p>
<p>Pièce centrale des vidéos biographiques réalisées par <strong><span style="color: #ff6600;">Immortals.ca</span> </strong>pour des personnes en vie et en relative bonne santé, l&rsquo;entrevue par un professionnel est souvent le document principal autour duquel le montage final va s&rsquo;articuler.</p>
<h5><strong>Où et quand ?</strong></h5>
<p>Nous réalisons les entrevues chez le sujet de la biographie si les conditions s&rsquo;y prêtent. Nous pouvons compenser pour un éclairage déficient (nous avons nos projecteurs) mais pas pour un environnement bruyant. Ce dernier point est critique: il faut pouvoir disposer de 1h à 1h30 d&rsquo;un environnement sans bruits parasites et sans interruption ce qui n&rsquo;est pas toujours facile à assurer. Si ce n&rsquo;est pas possible, nous ferons l&rsquo;entrevue dans nos studios. On peut aussi faire une partie de l&rsquo;entrevue en extérieur avec un micro-cravate sans fil, ce qui peut être très naturel et très charmant. Toutefois, là aussi, il vaut mieux s&rsquo;assurer qu&rsquo;on est pas à coté d&rsquo;une caserne de pompiers. Le 4e démo, celui avec le chien Mira de Francine Poirier, a été tourné avec un tel micro très discret et remarquablement performant considérant que nous étions dans un parc public entouré de rues passantes.</p>
<p>Le tournage doit être prévu à l&rsquo;avance. Il est fait avec un cameraman et deux cameras HD. Comme il s&rsquo;agit du document principal, nos sujets ont l&rsquo;habitude de se montrer au mieux de leur apparence (coiffure, vêtements, maquillage). Si une séquence est ratée pour toute raison, nous la reprendrons mais il faut savoir que la spontanéité que nous recherchons risque d&rsquo;être absente la deuxième fois. Les tournages en extérieur sont évidemment tributaires de la météo et il faut s&rsquo;attendre à des retards possibles.</p>
<h5><strong>Droit de véto</strong></h5>
<p>Vous avez, bien sûr, le droit de demander qu&rsquo;une ou des séquences de l&rsquo;entrevue soient coupées au montage. Nous ne posons pas de question. D&rsquo;autre part, nous ne conserverons pas au montage tout propos qui pourrait être considéré comme insultants ou diffamants par des tiers ou simplement contraire à l&rsquo;éthique habituelle des biographes (voir code de déontologie des biographes).</p>
<h5><strong>Entrevues réalisées par des tiers</strong></h5>
<p>Il est possible que vous ayez déjà en main des enregistrements (films, vidéo, cassette) d&rsquo;entrevues faites pour d&rsquo;autres buts, que ce soit de nature familiale ou professionnelle. Nous les évaluerons et si nous pensons qu&rsquo;ils ajoutent à l&rsquo;oeuvre finale nous en incorporerons tout ou partie. Les passages à la télévision peuvent aussi être incorporés si nous pensons qu&rsquo;ils s&rsquo;inscrivent dans la trame narrative de l&rsquo;oeuvre.</p>
<figure id="attachment_390" aria-describedby="caption-attachment-390" style="width: 474px" class="wp-caption aligncenter"><a href="http://immortels.ca/wordpress/wp-content/uploads/2014/07/Pause-pendant-lentrevue-de-Guy-Richard-Entre-Andréa-Richard-et-Michel-Virard.jpg"><img loading="lazy" class="wp-image-390 size-large" src="http://immortels.ca/wordpress/wp-content/uploads/2014/07/Pause-pendant-lentrevue-de-Guy-Richard-Entre-Andréa-Richard-et-Michel-Virard-1024x576.jpg" alt="Pause pendant l'entrevue de Guy Richard - Entre Andréa Richard et Michel Virard" width="474" height="266" srcset="http://immortels.ca/wordpress/wp-content/uploads/2014/07/Pause-pendant-lentrevue-de-Guy-Richard-Entre-Andréa-Richard-et-Michel-Virard-1024x576.jpg 1024w, http://immortels.ca/wordpress/wp-content/uploads/2014/07/Pause-pendant-lentrevue-de-Guy-Richard-Entre-Andréa-Richard-et-Michel-Virard-300x168.jpg 300w, http://immortels.ca/wordpress/wp-content/uploads/2014/07/Pause-pendant-lentrevue-de-Guy-Richard-Entre-Andréa-Richard-et-Michel-Virard.jpg 1920w" sizes="(max-width: 474px) 100vw, 474px" /></a><figcaption id="caption-attachment-390" class="wp-caption-text">Pause pendant l&rsquo;entrevue de Guy Richard (démo #3)</figcaption></figure>
<p><a href="http://immortels.ca/wordpress/?page_id=370">Prochain onglet: Produire une chronologie</a></p>
<p>&nbsp;</p>

<p>Les entrevues filmée ou même de simples enregistrements vocaux sont des éléments critiques de votre persona . Pièce centrale des vidéos biographiques réalisées par Immortals.ca pour des personnes en vie et en relative bonne santé, l&rsquo;entrevue par un professionnel est souvent le document principal autour duquel le montage final va s&rsquo;articuler. Où et quand ? Nous &hellip; <a href="http://immortels.ca/wordpress/votre-biographie/les-entrevues/" class="more-link">Continuer la lecture de <span class="screen-reader-text">Les entrevues</span>  <span class="meta-nav">&rarr;</span></a></p>

<!-- This site is optimized with the Yoast SEO plugin v15.0 - https://yoast.com/wordpress/plugins/seo/ -->
<meta name="robots" content="index, follow, max-snippet:-1, max-image-preview:large, max-video-preview:-1" />
<link rel="canonical" href="http://immortels.ca/wordpress/votre-biographie/les-entrevues/" />
<meta property="og:locale" content="fr_FR" />
<meta property="og:type" content="article" />
<meta property="og:title" content="Les entrevues - Immortels" />
<meta property="og:description" content="Les entrevues filmée ou même de simples enregistrements vocaux sont des éléments critiques de votre persona . Pièce centrale des vidéos biographiques réalisées par Immortals.ca pour des personnes en vie et en relative bonne santé, l&rsquo;entrevue par un professionnel est souvent le document principal autour duquel le montage final va s&rsquo;articuler. Où et quand ? Nous &hellip; Continuer la lecture de Les entrevues &rarr;" />
<meta property="og:url" content="http://immortels.ca/wordpress/votre-biographie/les-entrevues/" />
<meta property="og:site_name" content="Immortels" />
<meta property="article:publisher" content="https://www.facebook.com/immortels.ca/" />
<meta property="article:modified_time" content="2014-08-10T06:12:21+00:00" />
<meta property="og:image" content="http://immortels.ca/wordpress/wp-content/uploads/2014/07/Pause-pendant-lentrevue-de-Guy-Richard-Entre-Andréa-Richard-et-Michel-Virard-1024x576.jpg" />
<meta name="twitter:card" content="summary_large_image" />
<script type="application/ld+json" class="yoast-schema-graph">{"@context":"https://schema.org","@graph":[{"@type":"Organization","@id":"http://immortels.ca/wordpress/#organization","name":"Immortels.ca","url":"http://immortels.ca/wordpress/","sameAs":["https://www.facebook.com/immortels.ca/","https://www.youtube.com/channel/UC7Z1MrpTYIwCNWYmSF9JMzA"],"logo":{"@type":"ImageObject","@id":"http://immortels.ca/wordpress/#logo","inLanguage":"fr-FR","url":"http://immortels.ca/wordpress/wp-content/uploads/2014/10/logo-immortels.ca_.jpg","width":540,"height":533,"caption":"Immortels.ca"},"image":{"@id":"http://immortels.ca/wordpress/#logo"}},{"@type":"WebSite","@id":"http://immortels.ca/wordpress/#website","url":"http://immortels.ca/wordpress/","name":"Immortels","description":"On a tous une histoire \u00e0 raconter","publisher":{"@id":"http://immortels.ca/wordpress/#organization"},"potentialAction":[{"@type":"SearchAction","target":"http://immortels.ca/wordpress/?s={search_term_string}","query-input":"required name=search_term_string"}],"inLanguage":"fr-FR"},{"@type":"ImageObject","@id":"http://immortels.ca/wordpress/votre-biographie/les-entrevues/#primaryimage","inLanguage":"fr-FR","url":"http://immortels.ca/wordpress/wp-content/uploads/2014/07/Pause-pendant-lentrevue-de-Guy-Richard-Entre-Andr\u00e9a-Richard-et-Michel-Virard.jpg","width":1920,"height":1080},{"@type":"WebPage","@id":"http://immortels.ca/wordpress/votre-biographie/les-entrevues/#webpage","url":"http://immortels.ca/wordpress/votre-biographie/les-entrevues/","name":"Les entrevues - Immortels","isPartOf":{"@id":"http://immortels.ca/wordpress/#website"},"primaryImageOfPage":{"@id":"http://immortels.ca/wordpress/votre-biographie/les-entrevues/#primaryimage"},"datePublished":"2014-07-22T02:40:45+00:00","dateModified":"2014-08-10T06:12:21+00:00","inLanguage":"fr-FR","potentialAction":[{"@type":"ReadAction","target":["http://immortels.ca/wordpress/votre-biographie/les-entrevues/"]}]}]}</script>
<!-- / Yoast SEO plugin. -->
