{"id":160,"date":"2014-07-11T04:37:33","date_gmt":"2014-07-11T04:37:33","guid":{"rendered":"http:\/\/immortels.ca\/wordpress\/?page_id=160"},"modified":"2014-08-17T17:03:29","modified_gmt":"2014-08-17T21:03:29","slug":"f-a-q","status":"publish","type":"page","link":"http:\/\/immortels.ca\/wordpress\/f-a-q\/","title":{"rendered":"FOIRE AUX QUESTIONS"},"content":{"rendered":"<h3>FOIRE AUX QUESTIONS \u00a0(F.A.Q.)<\/h3>\n<p>Des questions ?<\/p>\n<p><em>Utilisez le champ \u00ab\u00a0Commentaire\u00a0\u00bb ci-dessous pour placer votre question. SVP pour faciliter les r\u00e9ponses, placez une seule question par bo\u00eete de commentaire.<\/em><\/p>\n<p><em>Si vous pr\u00e9f\u00e9rez une r\u00e9ponse priv\u00e9e, utilisez la page suivante <a href=\"http:\/\/immortels.ca\/wordpress\/?page_id=120\">\u00ab\u00a0Contacts\u00a0\u00bb<\/a> pour nous envoyer un message.<\/em><\/p>\n<p><strong>Qu&rsquo;est-ce qu&rsquo;un <span style=\"color: #ff6600;\">ayant droit<\/span><\/strong> ?<\/p>\n<p><b>L&rsquo;ayant droit<\/b> est la personne d\u00e9tenant un droit du fait de son lien avec l&rsquo;auteur. L&rsquo;ayant droit (pl. ayants droit), ou <b>ayant cause<\/b>, est donc une personne b\u00e9n\u00e9ficiant d&rsquo;un droit en raison de sa situation juridique, fiscale, financi\u00e8re, ou d&rsquo;un lien familial avec le b\u00e9n\u00e9ficiaire direct de ce droit.<\/p>\n<p>Ce terme est utilis\u00e9 quand on parle de <i><a title=\"Droit d'auteur\" href=\"http:\/\/fr.wikipedia.org\/wiki\/Droit_d%27auteur\">copyright<\/a><\/i> (notion anglo-saxonne du droit d&rsquo;auteur limit\u00e9e aux <a class=\"new\" title=\"Droits patrimoniaux de l'\u0153uvre (page inexistante)\" href=\"http:\/\/fr.wikipedia.org\/w\/index.php?title=Droits_patrimoniaux_de_l%27%C5%93uvre&amp;action=edit&amp;redlink=1\">droits patrimoniaux de l&rsquo;\u0153uvre<\/a>). \u00c0 quelques exceptions pr\u00e8s, l&rsquo;exploitation d&rsquo;une <a title=\"\u0152uvre d'art\" href=\"http:\/\/fr.wikipedia.org\/wiki\/%C5%92uvre_d%27art\">\u0153uvre<\/a> d&rsquo;auteur est interdite sans l&rsquo;autorisation de ses ayants droit. Par exemple, les <a title=\"H\u00e9ritier\" href=\"http:\/\/fr.wikipedia.org\/wiki\/H%C3%A9ritier\">h\u00e9ritiers<\/a>, les <a title=\"Soci\u00e9t\u00e9 de gestion des droits d'auteur\" href=\"http:\/\/fr.wikipedia.org\/wiki\/Soci%C3%A9t%C3%A9_de_gestion_des_droits_d%27auteur\">soci\u00e9t\u00e9s de gestion des droits d&rsquo;auteur<\/a> ou les \u00e9diteurs sont des ayants droit.<\/p>\n<p>De fait, une biographie et une biographie vid\u00e9o sont des \u0153uvres au sens de la loi sur les droits d&rsquo;auteur. <span style=\"color: #ff6600;\"><strong>Immortels.ca<\/strong> <\/span>c\u00e8de sa part des droits d&rsquo;auteur \u00e0 la personne qui a sign\u00e9 le contrat de service pour toute application non commerciale de l\u2019\u0153uvre. Cette personne peut \u00eatre le sujet m\u00eame de la vid\u00e9o ou encore un membre de sa famille (cas des personnes d\u00e9c\u00e9d\u00e9es) h\u00e9ritier des documents requis pour faire la biographie.<\/p>\n<p><strong>Qu&rsquo;est-ce qu&rsquo;une<\/strong> <span style=\"color: #ff6600;\"><strong>biographie<\/strong><\/span> ?<\/p>\n<p>C&rsquo;est l&rsquo;histoire \u00e9crite de la vie d&rsquo;une personne. Il s&rsquo;agit aussi d&rsquo;un genre litt\u00e9raire bien identifi\u00e9. On distingue les <strong>biographies<\/strong> <strong>autoris\u00e9es<\/strong> des <strong>biographies non autoris\u00e9es<\/strong>, c&rsquo;est \u00e0 dire faites sans la permission du sujet de la biographie. <span style=\"color: #ff6600;\"><strong>Immortels.ca<\/strong><\/span> ne produit que des biographies autoris\u00e9es, donc avec le consentement explicite du sujet s&rsquo;il est vivant, de ses ayants-droit s&rsquo;il est d\u00e9c\u00e9d\u00e9 ou de ses tuteurs l\u00e9gaux s&rsquo;il est en \u00e9tat d&rsquo;incapacit\u00e9 l\u00e9gale.<\/p>\n<p><strong>Qu&rsquo;est-ce que la<\/strong> <span style=\"color: #ff6600;\"><strong>p\u00e9rennit\u00e9<\/strong><\/span> ? \u00a0 \u00a0 \u00a0\u00a0<a href=\"http:\/\/immortels.ca\/wordpress\/wp-content\/uploads\/2014\/07\/07218.infinityLoop.png-550x0.png\"><img loading=\"lazy\" class=\"alignnone size-full wp-image-584\" src=\"http:\/\/immortels.ca\/wordpress\/wp-content\/uploads\/2014\/07\/07218.infinityLoop.png-550x0.png\" alt=\"07218.infinityLoop.png-550x0\" width=\"164\" height=\"78\" \/><\/a><\/p>\n<p>Caract\u00e8re de ce qui dure toujours ou tr\u00e8s longtemps. Durabilit\u00e9, permanence, perp\u00e9tuit\u00e9. Continuit\u00e9 d&rsquo;une chose, d&rsquo;une esp\u00e8ce \u00e0 travers une succession d&rsquo;individus, d&rsquo;organismes.<\/p>\n<p>Cette derni\u00e8re signification s&rsquo;applique particuli\u00e8rement bien \u00e0 la succession des m\u00e9dias sur lesquels les biographies num\u00e9riques seront appel\u00e9es \u00e0 \u00eatre recopi\u00e9es. C&rsquo;est pour cela que nous l&rsquo;avons choisi pour d\u00e9signer la longue dur\u00e9e que nous fournissons aux <strong>personas <\/strong>de nos clients<strong>.<\/strong><\/p>\n<p><strong>Qu&rsquo;est-ce qu&rsquo;une<\/strong> <span style=\"color: #ff6600;\"><strong>persona<\/strong><\/span> ? \u00a0 \u00a0 \u00a0\u00a0<a href=\"http:\/\/immortels.ca\/wordpress\/wp-content\/uploads\/2014\/07\/theatre-comedy-and-tragedy-masks.jpg\"><img loading=\"lazy\" class=\"alignnone size-full wp-image-581\" src=\"http:\/\/immortels.ca\/wordpress\/wp-content\/uploads\/2014\/07\/theatre-comedy-and-tragedy-masks.jpg\" alt=\"theatre-comedy-and-tragedy-masks\" width=\"164\" height=\"168\" \/><\/a><\/p>\n<p>C&rsquo;est un mot qui nous vient du th\u00e9\u00e2tre (un masque de th\u00e9\u00e2tre en latin) pour d\u00e9signer un r\u00f4le social car n&rsquo;oublions pas que nous jouons toujours pour les autres un r\u00f4le, un caract\u00e8re qui fait partie de notre moi, sans doute, mais qui n&rsquo;est pas forc\u00e9ment la totalit\u00e9 de notre moi.\u00a0 <span style=\"color: #ff6600;\"><strong>Immortels.ca<\/strong><\/span> n&rsquo;a certainement pas la pr\u00e9tention d\u00e9mesur\u00e9e de capturer la totalit\u00e9 de votre moi. Apr\u00e8s-tout, une biographie \u00ab\u00a0autoris\u00e9e\u00a0\u00bb par le sujet n&rsquo;est jamais plus que la <span style=\"color: #000000;\"><strong>persona<\/strong> <\/span>voulue par le sujet, consciemment ou inconsciemment, c&rsquo;est \u00e0 dire l&rsquo;image qu&rsquo;il projette vers ceux qui l&rsquo;observent. D\u00e9sormais cette image comprend plus que le discours lin\u00e9aire de la biographie \u00e9crite ou la pose statique de la photo. La <strong>persona<\/strong> inclut maintenant aussi le mouvement et la voix gr\u00e2ce \u00e0 l&rsquo;enregistrement vid\u00e9o.<\/p>\n<p>&nbsp;<\/p>\n<p>Prochain onglet: <a href=\"http:\/\/immortels.ca\/wordpress\/?page_id=120\">Contacts<\/a><\/p>\n<p>&nbsp;<\/p>\n<p>&nbsp;<\/p>\n","protected":false},"excerpt":{"rendered":"<p>FOIRE AUX QUESTIONS \u00a0(F.A.Q.) Des questions ? Utilisez le champ \u00ab\u00a0Commentaire\u00a0\u00bb ci-dessous pour placer votre question. SVP pour faciliter les r\u00e9ponses, placez une seule question par bo\u00eete de commentaire. Si vous pr\u00e9f\u00e9rez une r\u00e9ponse priv\u00e9e, utilisez la page suivante \u00ab\u00a0Contacts\u00a0\u00bb pour nous envoyer un message. Qu&rsquo;est-ce qu&rsquo;un ayant droit ? L&rsquo;ayant droit est la personne &hellip; <a href=\"http:\/\/immortels.ca\/wordpress\/f-a-q\/\" class=\"more-link\">Continuer la lecture de <span class=\"screen-reader-text\">FOIRE AUX QUESTIONS<\/span>  <span class=\"meta-nav\">&rarr;<\/span><\/a><\/p>\n","protected":false},"author":1,"featured_media":0,"parent":0,"menu_order":7,"comment_status":"open","ping_status":"closed","template":"","meta":{"spay_email":""},"yoast_head":"<!-- This site is optimized with the Yoast SEO plugin v15.0 - https:\/\/yoast.com\/wordpress\/plugins\/seo\/ -->\n<meta name=\"robots\" content=\"index, follow, max-snippet:-1, max-image-preview:large, max-video-preview:-1\" \/>\n<link rel=\"canonical\" href=\"http:\/\/immortels.ca\/wordpress\/f-a-q\/\" \/>\n<meta property=\"og:locale\" content=\"fr_FR\" \/>\n<meta property=\"og:type\" content=\"article\" \/>\n<meta property=\"og:title\" content=\"FOIRE AUX QUESTIONS - Immortels\" \/>\n<meta property=\"og:description\" content=\"FOIRE AUX QUESTIONS \u00a0(F.A.Q.) Des questions ? Utilisez le champ \u00ab\u00a0Commentaire\u00a0\u00bb ci-dessous pour placer votre question. SVP pour faciliter les r\u00e9ponses, placez une seule question par bo\u00eete de commentaire. Si vous pr\u00e9f\u00e9rez une r\u00e9ponse priv\u00e9e, utilisez la page suivante \u00ab\u00a0Contacts\u00a0\u00bb pour nous envoyer un message. Qu&rsquo;est-ce qu&rsquo;un ayant droit ? L&rsquo;ayant droit est la personne &hellip; Continuer la lecture de FOIRE AUX QUESTIONS &rarr;\" \/>\n<meta property=\"og:url\" content=\"http:\/\/immortels.ca\/wordpress\/f-a-q\/\" \/>\n<meta property=\"og:site_name\" content=\"Immortels\" \/>\n<meta property=\"article:publisher\" content=\"https:\/\/www.facebook.com\/immortels.ca\/\" \/>\n<meta property=\"article:modified_time\" content=\"2014-08-17T21:03:29+00:00\" \/>\n<meta property=\"og:image\" content=\"http:\/\/immortels.ca\/wordpress\/wp-content\/uploads\/2014\/07\/07218.infinityLoop.png-550x0.png\" \/>\n<meta name=\"twitter:card\" content=\"summary_large_image\" \/>\n<script type=\"application\/ld+json\" class=\"yoast-schema-graph\">{\"@context\":\"https:\/\/schema.org\",\"@graph\":[{\"@type\":\"Organization\",\"@id\":\"http:\/\/immortels.ca\/wordpress\/#organization\",\"name\":\"Immortels.ca\",\"url\":\"http:\/\/immortels.ca\/wordpress\/\",\"sameAs\":[\"https:\/\/www.facebook.com\/immortels.ca\/\",\"https:\/\/www.youtube.com\/channel\/UC7Z1MrpTYIwCNWYmSF9JMzA\"],\"logo\":{\"@type\":\"ImageObject\",\"@id\":\"http:\/\/immortels.ca\/wordpress\/#logo\",\"inLanguage\":\"fr-FR\",\"url\":\"http:\/\/immortels.ca\/wordpress\/wp-content\/uploads\/2014\/10\/logo-immortels.ca_.jpg\",\"width\":540,\"height\":533,\"caption\":\"Immortels.ca\"},\"image\":{\"@id\":\"http:\/\/immortels.ca\/wordpress\/#logo\"}},{\"@type\":\"WebSite\",\"@id\":\"http:\/\/immortels.ca\/wordpress\/#website\",\"url\":\"http:\/\/immortels.ca\/wordpress\/\",\"name\":\"Immortels\",\"description\":\"On a tous une histoire \\u00e0 raconter\",\"publisher\":{\"@id\":\"http:\/\/immortels.ca\/wordpress\/#organization\"},\"potentialAction\":[{\"@type\":\"SearchAction\",\"target\":\"http:\/\/immortels.ca\/wordpress\/?s={search_term_string}\",\"query-input\":\"required name=search_term_string\"}],\"inLanguage\":\"fr-FR\"},{\"@type\":\"ImageObject\",\"@id\":\"http:\/\/immortels.ca\/wordpress\/f-a-q\/#primaryimage\",\"inLanguage\":\"fr-FR\",\"url\":\"http:\/\/immortels.ca\/wordpress\/wp-content\/uploads\/2014\/07\/07218.infinityLoop.png-550x0.png\"},{\"@type\":\"WebPage\",\"@id\":\"http:\/\/immortels.ca\/wordpress\/f-a-q\/#webpage\",\"url\":\"http:\/\/immortels.ca\/wordpress\/f-a-q\/\",\"name\":\"FOIRE AUX QUESTIONS - Immortels\",\"isPartOf\":{\"@id\":\"http:\/\/immortels.ca\/wordpress\/#website\"},\"primaryImageOfPage\":{\"@id\":\"http:\/\/immortels.ca\/wordpress\/f-a-q\/#primaryimage\"},\"datePublished\":\"2014-07-11T04:37:33+00:00\",\"dateModified\":\"2014-08-17T21:03:29+00:00\",\"inLanguage\":\"fr-FR\",\"potentialAction\":[{\"@type\":\"ReadAction\",\"target\":[\"http:\/\/immortels.ca\/wordpress\/f-a-q\/\"]}]}]}<\/script>\n<!-- \/ Yoast SEO plugin. -->","jetpack_sharing_enabled":true,"jetpack_shortlink":"https:\/\/wp.me\/P5QWQr-2A","_links":{"self":[{"href":"http:\/\/immortels.ca\/wordpress\/wp-json\/wp\/v2\/pages\/160"}],"collection":[{"href":"http:\/\/immortels.ca\/wordpress\/wp-json\/wp\/v2\/pages"}],"about":[{"href":"http:\/\/immortels.ca\/wordpress\/wp-json\/wp\/v2\/types\/page"}],"author":[{"embeddable":true,"href":"http:\/\/immortels.ca\/wordpress\/wp-json\/wp\/v2\/users\/1"}],"replies":[{"embeddable":true,"href":"http:\/\/immortels.ca\/wordpress\/wp-json\/wp\/v2\/comments?post=160"}],"version-history":[{"count":24,"href":"http:\/\/immortels.ca\/wordpress\/wp-json\/wp\/v2\/pages\/160\/revisions"}],"predecessor-version":[{"id":585,"href":"http:\/\/immortels.ca\/wordpress\/wp-json\/wp\/v2\/pages\/160\/revisions\/585"}],"wp:attachment":[{"href":"http:\/\/immortels.ca\/wordpress\/wp-json\/wp\/v2\/media?parent=160"}],"curies":[{"name":"wp","href":"https:\/\/api.w.org\/{rel}","templated":true}]}}