{"id":125,"date":"2014-07-10T22:10:37","date_gmt":"2014-07-11T02:10:37","guid":{"rendered":"http:\/\/immortels.ca\/wordpress\/?page_id=125"},"modified":"2014-08-09T00:19:24","modified_gmt":"2014-08-09T04:19:24","slug":"numeriser-des-photos-papier","status":"publish","type":"page","link":"http:\/\/immortels.ca\/wordpress\/organiser-vos-documents\/numeriser-des-photos-papier\/","title":{"rendered":"Photos papier"},"content":{"rendered":"<p><strong><em>Num\u00e9riser des photos papier<\/em><\/strong><\/p>\n<p>Dans tous les cas la qualit\u00e9 des images r\u00e9cup\u00e9r\u00e9es par les num\u00e9riseurs \u00e0 partir de photos papier sera presque toujours inf\u00e9rieure \u00e0 la qualit\u00e9 des images obtenues \u00e0 partir des n\u00e9gatifs (ou des diapositives) \u00e0 l\u2019origine de la version papier. Exceptionnellement, il se peut que la version papier ait mieux travers\u00e9 le temps que son original. Par exemple, il semble que les moisissures s\u2019attaquent en priorit\u00e9 aux n\u00e9gatifs mais, m\u00eame dans ce cas, il peut \u00eatre pr\u00e9f\u00e9rable de num\u00e9riser le n\u00e9gatif si les points de moisissures peuvent \u00eatre \u00e9limin\u00e9s via diverses techniques (d\u00e9pendant du type de film).<\/p>\n<p>Le drame des photos de famille c\u2019est g\u00e9n\u00e9ralement que les n\u00e9gatifs, noir &amp; blanc ou couleur, sont souvent inaccessibles, voir perdus \u00e0 jamais. Ne reste que des photos papiers qui seront disponibles sous deux formes\u00a0: enveloppes et bo\u00eetes contenant des photos individuelles, ou albums de photos dans lesquels les photos sont souvent coll\u00e9es de fa\u00e7on permanente, souvent \u00e0 raison de plusieurs photos par page. Dans ce dernier cas il n\u2019est g\u00e9n\u00e9ralement pas question de d\u00e9coller ces photos pour pouvoir les num\u00e9riser, le risque de les endommager d\u00e9finitivement \u00e9tant bien trop grand.<\/p>\n<p><a href=\"http:\/\/immortels.ca\/wordpress\/wp-content\/uploads\/2014\/07\/album1.jpg\"><img loading=\"lazy\" class=\"alignnone size-full wp-image-283\" src=\"http:\/\/immortels.ca\/wordpress\/wp-content\/uploads\/2014\/07\/album1.jpg\" alt=\"album\" width=\"564\" height=\"303\" srcset=\"http:\/\/immortels.ca\/wordpress\/wp-content\/uploads\/2014\/07\/album1.jpg 564w, http:\/\/immortels.ca\/wordpress\/wp-content\/uploads\/2014\/07\/album1-300x161.jpg 300w\" sizes=\"(max-width: 564px) 100vw, 564px\" \/><\/a><\/p>\n<p><a href=\"http:\/\/immortels.ca\/wordpress\/wp-content\/uploads\/2014\/07\/photpapier1.jpg\"><img loading=\"lazy\" class=\"alignnone size-full wp-image-284\" src=\"http:\/\/immortels.ca\/wordpress\/wp-content\/uploads\/2014\/07\/photpapier1.jpg\" alt=\"photpapier\" width=\"564\" height=\"423\" srcset=\"http:\/\/immortels.ca\/wordpress\/wp-content\/uploads\/2014\/07\/photpapier1.jpg 564w, http:\/\/immortels.ca\/wordpress\/wp-content\/uploads\/2014\/07\/photpapier1-300x225.jpg 300w\" sizes=\"(max-width: 564px) 100vw, 564px\" \/><\/a><\/p>\n<p>Les photos papier non attach\u00e9es ne pr\u00e9sentent pas de difficult\u00e9s particuli\u00e8res, qu\u2019elles soient en noir et blanc ou en couleur, il sera possible de restaurer ces photos m\u00eame avec un num\u00e9riseur de qualit\u00e9 moyenne. Toutefois le proc\u00e9d\u00e9 peut \u00eatre assez long et il peut y avoir int\u00e9r\u00eat \u00e0 num\u00e9riser plusieurs photos en m\u00eame temps si elles sont de m\u00eame type et de m\u00eame niveau d\u2019exposition.<\/p>\n<p>Les photos attach\u00e9es \u00e0 un album pr\u00e9sentent un d\u00e9fi si les feuilles de l\u2019album ne sont pas d\u00e9tachables ou sont de taille exc\u00e9dant les formats Lettre US\/A4 habituels. Si possible, d\u00e9montez la feuille transparente les recouvrant avant de placer la page de photo sur la vitre du num\u00e9riseur.<\/p>\n<p>Si les feuilles ne se d\u00e9tachent pas de l\u2019album il vous faudra maintenir l\u2019album en l\u2019air de fa\u00e7on \u00e0 ce que la page num\u00e9ris\u00e9e reste bien \u00e0 plat et ne bouge absolument pas pendant le balayage. Ce qui n\u2019est pas toujours facile. De plus, il se peut que l\u2019album refuse de s\u2019ouvrir suffisamment ou encore que des photos soient coll\u00e9es si proche de la reliure qu\u2019il devient impossible de num\u00e9riser la page avec un num\u00e9riseur ordinaire. Dans ce cas un num\u00e9riseur de livres peut vous sauver la mise car ils sont faits pr\u00e9cis\u00e9ment pour num\u00e9riser des pages de livres qui refusent de s\u2019ouvrir bien \u00e0 plat. Ils sont aussi faits pour num\u00e9riser jusqu&rsquo;\u00e0 2 ou 3 mm de la reliure.<\/p>\n<p><a href=\"http:\/\/immortels.ca\/wordpress\/wp-content\/uploads\/2014\/07\/opti1.jpg\"><img loading=\"lazy\" class=\"alignnone size-full wp-image-286\" src=\"http:\/\/immortels.ca\/wordpress\/wp-content\/uploads\/2014\/07\/opti1.jpg\" alt=\"opti\" width=\"564\" height=\"439\" srcset=\"http:\/\/immortels.ca\/wordpress\/wp-content\/uploads\/2014\/07\/opti1.jpg 564w, http:\/\/immortels.ca\/wordpress\/wp-content\/uploads\/2014\/07\/opti1-300x233.jpg 300w\" sizes=\"(max-width: 564px) 100vw, 564px\" \/><\/a><\/p>\n<p>La n\u00e9cessit\u00e9 de num\u00e9riser \u00e0 haute r\u00e9solution toutes les photos d\u2019une page conduit \u00e0 produire des fichiers \u00e9normes en format TIFF ou PSD. Cela exige des ordinateurs suffisamment performants pour manipuler rapidement des fichiers photo de 100 \u00e0 200\u00a0Mo. Apr\u00e8s cela, si le logiciel du num\u00e9riseur ne le fait pas lui-m\u00eame,\u00a0 il faudra utiliser un logiciel de traitement d\u2019image (<em>Photoshop, Gimp<\/em>) pour d\u00e9couper cette page en photos individuelles. On trouve souvent de 4 \u00e0 6 photos, voir plus, par page. Comme c\u2019est un travail fastidieux, il sera judicieux de faire un choix des seules photos qu\u2019on a l\u2019intention d\u2019utiliser pour la construction du vid\u00e9o. L\u2019image de la page compl\u00e8te servira d\u00e9sormais d\u2019archive \u00e9lectronique de qualit\u00e9 pour les photos qui n\u2019auront pas \u00e9t\u00e9 retenues, une s\u00e9curit\u00e9 appr\u00e9ciable, ind\u00e9pendamment de tout projet vid\u00e9o.<\/p>\n<p>Les pages d\u2019album surdimensionn\u00e9es peuvent exiger un num\u00e9riseur au format Tablo\u00efd\/A3 (11x17po) ou bien deux passes pour chaque page sur un num\u00e9riseur Lettre\/A4. <span style=\"color: #ff6600;\"><strong>Immortels.ca<\/strong><\/span> dispose d\u2019un num\u00e9riseur A3 pour ces cas-l\u00e0.<\/p>\n<p>Les images r\u00e9cup\u00e9r\u00e9es \u00e0 partir d\u2019album ont presque toujours des d\u00e9fauts, le plus probl\u00e9matique \u00e9tant le flou. Alors qu\u2019un scan de n\u00e9gatifs N&amp;B 6x9cm requiert habituellement une r\u00e9solution de 1200p\/po, il sera souvent inutile d\u2019allez au-del\u00e0 de 600 p\/po sur des photos papier N&amp;B obtenues par tirages contact et donc de 6x9cm et parfois m\u00eame plus petites. Toutefois les photos papier couleur r\u00e9centes imprim\u00e9es elle-m\u00eame \u00e0 partir de fichiers num\u00e9rique pourrons \u00eatre re-num\u00e9ris\u00e9es \u00e0 1200 dpi avec profit si le fichier original est introuvable.<\/p>\n<ul>\n<li>Couleurs<strong> d\u00e9lav\u00e9es<\/strong>\u00a0ou avec une <strong>couleur dominante<\/strong> : am\u00e9lioration probable par la fonction ROC, <em>Restauration of Color,<\/em> des num\u00e9riseurs.<\/li>\n<li>Photo <strong>presque blanche<\/strong>\u00a0: faible possibilit\u00e9 de r\u00e9cup\u00e9rer une image acceptable<\/li>\n<li>Photo <strong>presque noire<\/strong>\u00a0: faible possibilit\u00e9 de r\u00e9cup\u00e9rer une image acceptable<\/li>\n<li>\u00a0<strong>Rayures et poussi\u00e8res<\/strong>\u00a0: actuellement am\u00e9lioration possible avec le Digital ICE mais seulement avec des photos couleur individuelles<\/li>\n<li><strong>Image granuleuse<\/strong>\u00a0: am\u00e9lioration possible avec GEM <em style=\"color: #757e82;\">( Grain Equalization &amp; Management)<\/em><span style=\"color: #757e82;\">.<\/span><\/li>\n<\/ul>\n<p>On comprendra donc que les photos papiers ne sont que rarement notre premier choix pour construire une vid\u00e9o-biographie de qualit\u00e9, d&rsquo;o\u00f9 l&rsquo;int\u00e9r\u00eat de conserver\/r\u00e9cup\u00e9rer les n\u00e9gatifs.<\/p>\n<p><a href=\"http:\/\/immortels.ca\/wordpress\/?page_id=137\">Prochain onglet: Coupures de journaux<\/a><\/p>\n<p>&nbsp;<\/p>\n","protected":false},"excerpt":{"rendered":"<p>Num\u00e9riser des photos papier Dans tous les cas la qualit\u00e9 des images r\u00e9cup\u00e9r\u00e9es par les num\u00e9riseurs \u00e0 partir de photos papier sera presque toujours inf\u00e9rieure \u00e0 la qualit\u00e9 des images obtenues \u00e0 partir des n\u00e9gatifs (ou des diapositives) \u00e0 l\u2019origine de la version papier. Exceptionnellement, il se peut que la version papier ait mieux travers\u00e9 &hellip; <a href=\"http:\/\/immortels.ca\/wordpress\/organiser-vos-documents\/numeriser-des-photos-papier\/\" class=\"more-link\">Continuer la lecture de <span class=\"screen-reader-text\">Photos papier<\/span>  <span class=\"meta-nav\">&rarr;<\/span><\/a><\/p>\n","protected":false},"author":1,"featured_media":0,"parent":134,"menu_order":106,"comment_status":"closed","ping_status":"closed","template":"","meta":{"spay_email":""},"yoast_head":"<!-- This site is optimized with the Yoast SEO plugin v15.0 - https:\/\/yoast.com\/wordpress\/plugins\/seo\/ -->\n<meta name=\"robots\" content=\"index, follow, max-snippet:-1, max-image-preview:large, max-video-preview:-1\" \/>\n<link rel=\"canonical\" href=\"http:\/\/immortels.ca\/wordpress\/organiser-vos-documents\/numeriser-des-photos-papier\/\" \/>\n<meta property=\"og:locale\" content=\"fr_FR\" \/>\n<meta property=\"og:type\" content=\"article\" \/>\n<meta property=\"og:title\" content=\"Photos papier - Immortels\" \/>\n<meta property=\"og:description\" content=\"Num\u00e9riser des photos papier Dans tous les cas la qualit\u00e9 des images r\u00e9cup\u00e9r\u00e9es par les num\u00e9riseurs \u00e0 partir de photos papier sera presque toujours inf\u00e9rieure \u00e0 la qualit\u00e9 des images obtenues \u00e0 partir des n\u00e9gatifs (ou des diapositives) \u00e0 l\u2019origine de la version papier. Exceptionnellement, il se peut que la version papier ait mieux travers\u00e9 &hellip; Continuer la lecture de Photos papier &rarr;\" \/>\n<meta property=\"og:url\" content=\"http:\/\/immortels.ca\/wordpress\/organiser-vos-documents\/numeriser-des-photos-papier\/\" \/>\n<meta property=\"og:site_name\" content=\"Immortels\" \/>\n<meta property=\"article:publisher\" content=\"https:\/\/www.facebook.com\/immortels.ca\/\" \/>\n<meta property=\"article:modified_time\" content=\"2014-08-09T04:19:24+00:00\" \/>\n<meta property=\"og:image\" content=\"http:\/\/immortels.ca\/wordpress\/wp-content\/uploads\/2014\/07\/album1.jpg\" \/>\n<meta name=\"twitter:card\" content=\"summary_large_image\" \/>\n<script type=\"application\/ld+json\" class=\"yoast-schema-graph\">{\"@context\":\"https:\/\/schema.org\",\"@graph\":[{\"@type\":\"Organization\",\"@id\":\"http:\/\/immortels.ca\/wordpress\/#organization\",\"name\":\"Immortels.ca\",\"url\":\"http:\/\/immortels.ca\/wordpress\/\",\"sameAs\":[\"https:\/\/www.facebook.com\/immortels.ca\/\",\"https:\/\/www.youtube.com\/channel\/UC7Z1MrpTYIwCNWYmSF9JMzA\"],\"logo\":{\"@type\":\"ImageObject\",\"@id\":\"http:\/\/immortels.ca\/wordpress\/#logo\",\"inLanguage\":\"fr-FR\",\"url\":\"http:\/\/immortels.ca\/wordpress\/wp-content\/uploads\/2014\/10\/logo-immortels.ca_.jpg\",\"width\":540,\"height\":533,\"caption\":\"Immortels.ca\"},\"image\":{\"@id\":\"http:\/\/immortels.ca\/wordpress\/#logo\"}},{\"@type\":\"WebSite\",\"@id\":\"http:\/\/immortels.ca\/wordpress\/#website\",\"url\":\"http:\/\/immortels.ca\/wordpress\/\",\"name\":\"Immortels\",\"description\":\"On a tous une histoire \\u00e0 raconter\",\"publisher\":{\"@id\":\"http:\/\/immortels.ca\/wordpress\/#organization\"},\"potentialAction\":[{\"@type\":\"SearchAction\",\"target\":\"http:\/\/immortels.ca\/wordpress\/?s={search_term_string}\",\"query-input\":\"required name=search_term_string\"}],\"inLanguage\":\"fr-FR\"},{\"@type\":\"ImageObject\",\"@id\":\"http:\/\/immortels.ca\/wordpress\/organiser-vos-documents\/numeriser-des-photos-papier\/#primaryimage\",\"inLanguage\":\"fr-FR\",\"url\":\"http:\/\/immortels.ca\/wordpress\/wp-content\/uploads\/2014\/07\/album1.jpg\",\"width\":564,\"height\":303},{\"@type\":\"WebPage\",\"@id\":\"http:\/\/immortels.ca\/wordpress\/organiser-vos-documents\/numeriser-des-photos-papier\/#webpage\",\"url\":\"http:\/\/immortels.ca\/wordpress\/organiser-vos-documents\/numeriser-des-photos-papier\/\",\"name\":\"Photos papier - Immortels\",\"isPartOf\":{\"@id\":\"http:\/\/immortels.ca\/wordpress\/#website\"},\"primaryImageOfPage\":{\"@id\":\"http:\/\/immortels.ca\/wordpress\/organiser-vos-documents\/numeriser-des-photos-papier\/#primaryimage\"},\"datePublished\":\"2014-07-11T02:10:37+00:00\",\"dateModified\":\"2014-08-09T04:19:24+00:00\",\"inLanguage\":\"fr-FR\",\"potentialAction\":[{\"@type\":\"ReadAction\",\"target\":[\"http:\/\/immortels.ca\/wordpress\/organiser-vos-documents\/numeriser-des-photos-papier\/\"]}]}]}<\/script>\n<!-- \/ Yoast SEO plugin. -->","jetpack_sharing_enabled":true,"jetpack_shortlink":"https:\/\/wp.me\/P5QWQr-21","_links":{"self":[{"href":"http:\/\/immortels.ca\/wordpress\/wp-json\/wp\/v2\/pages\/125"}],"collection":[{"href":"http:\/\/immortels.ca\/wordpress\/wp-json\/wp\/v2\/pages"}],"about":[{"href":"http:\/\/immortels.ca\/wordpress\/wp-json\/wp\/v2\/types\/page"}],"author":[{"embeddable":true,"href":"http:\/\/immortels.ca\/wordpress\/wp-json\/wp\/v2\/users\/1"}],"replies":[{"embeddable":true,"href":"http:\/\/immortels.ca\/wordpress\/wp-json\/wp\/v2\/comments?post=125"}],"version-history":[{"count":12,"href":"http:\/\/immortels.ca\/wordpress\/wp-json\/wp\/v2\/pages\/125\/revisions"}],"predecessor-version":[{"id":514,"href":"http:\/\/immortels.ca\/wordpress\/wp-json\/wp\/v2\/pages\/125\/revisions\/514"}],"up":[{"embeddable":true,"href":"http:\/\/immortels.ca\/wordpress\/wp-json\/wp\/v2\/pages\/134"}],"wp:attachment":[{"href":"http:\/\/immortels.ca\/wordpress\/wp-json\/wp\/v2\/media?parent=125"}],"curies":[{"name":"wp","href":"https:\/\/api.w.org\/{rel}","templated":true}]}}